{"id":97,"date":"2015-11-02T02:42:36","date_gmt":"2015-11-02T02:42:36","guid":{"rendered":"http:\/\/www.kairostopografia.com.br\/topografiaflorianopolis\/?page_id=97"},"modified":"2026-03-09T20:28:12","modified_gmt":"2026-03-09T20:28:12","slug":"projeto-de-terraplanagem","status":"publish","type":"page","link":"https:\/\/www.kairostopografia.com.br\/topografiaflorianopolis\/projeto-de-terraplanagem\/","title":{"rendered":"Projeto de Terraplanagem"},"content":{"rendered":"\t\t<div data-elementor-type=\"wp-page\" data-elementor-id=\"97\" class=\"elementor elementor-97\" data-elementor-post-type=\"page\">\n\t\t\t\t<div class=\"elementor-element elementor-element-6d79361 e-flex e-con-boxed parallax_section_no qode_elementor_container_no e-con e-parent\" data-id=\"6d79361\" data-element_type=\"container\" data-e-type=\"container\">\n\t\t\t\t\t<div class=\"e-con-inner\">\n\t\t\t\t<div class=\"elementor-element elementor-element-fa77611 elementor-widget elementor-widget-heading\" data-id=\"fa77611\" data-element_type=\"widget\" data-e-type=\"widget\" data-widget_type=\"heading.default\">\n\t\t\t\t\t<h4 class=\"elementor-heading-title elementor-size-default\">Projeto de Terraplanagem<\/h4>\t\t\t\t<\/div>\n\t\t\t\t<div class=\"elementor-element elementor-element-52b94c1 elementor-widget-divider--view-line elementor-widget elementor-widget-divider\" data-id=\"52b94c1\" data-element_type=\"widget\" data-e-type=\"widget\" data-widget_type=\"divider.default\">\n\t\t\t\t\t\t\t<div class=\"elementor-divider\">\n\t\t\t<span class=\"elementor-divider-separator\">\n\t\t\t\t\t\t<\/span>\n\t\t<\/div>\n\t\t\t\t\t\t<\/div>\n\t\t\t\t<div class=\"elementor-element elementor-element-ec59d32 elementor-widget elementor-widget-text-editor\" data-id=\"ec59d32\" data-element_type=\"widget\" data-e-type=\"widget\" data-widget_type=\"text-editor.default\">\n\t\t\t\t\t\t\t\t\tVisa atender o melhor beneficio do\u00a0<strong>terreno<\/strong>, de forma a obter uma superf\u00edcie plana ou semi-inclinada, calculando-se\u00a0<strong>volumes de corte e aterro<\/strong>\u00a0e gerando-se notas de servi\u00e7os,\u00a0<strong>perfis e se\u00e7\u00f5es<\/strong>\u00a0para possibilitar a\u00a0<strong>loca\u00e7\u00e3o da obra<\/strong>. O\u00a0<strong>projeto de terraplenagem\u00a0<\/strong>comunica e certifica os limites do terreno, apontando as dimens\u00f5es verdadeiras. Ele ainda indica um argumento do terraplenagem essencial contendo dimens\u00f5es atrav\u00e9s de\u00a0<strong>levantamento topogr\u00e1fico planialtim\u00e9trico<\/strong>\u00a0e n\u00edveis de\u00a0<strong>plat\u00f4s, taludes, rampas<\/strong>\u00a0(inclusive cotas de n\u00edveis iniciais e finais). O\u00a0<strong>projeto<\/strong>\u00a0\u00e9 seguido por um apanhado, que inclui referencia sobre as \u00e1reas do terreno: total de defesa e \u00fatil (conforme a matricula) e de\u00a0<strong>terraplenagem<\/strong>.\u00a0<strong>O servi\u00e7o de terraplenagem<\/strong>\u00a0tem como prop\u00f3sito a conformidade do n\u00edvel do terreno para implanta\u00e7\u00e3o de obras. \t\t\t\t\t\t\t\t<\/div>\n\t\t\t\t\t<\/div>\n\t\t\t\t<\/div>\n\t\t\t\t<\/div>\n\t\t","protected":false},"excerpt":{"rendered":"<p>Projeto de Terraplanagem Visa atender o melhor beneficio do\u00a0terreno, de forma a obter uma superf\u00edcie plana ou semi-inclinada, calculando-se\u00a0volumes de corte e aterro\u00a0e gerando-se notas de servi\u00e7os,\u00a0perfis e se\u00e7\u00f5es\u00a0para possibilitar a\u00a0loca\u00e7\u00e3o da obra. O\u00a0projeto de terraplenagem\u00a0comunica e certifica os limites do terreno, apontando as dimens\u00f5es&#8230;<\/p>\n","protected":false},"author":1,"featured_media":0,"parent":0,"menu_order":0,"comment_status":"closed","ping_status":"closed","template":"","meta":{"footnotes":""},"class_list":["post-97","page","type-page","status-publish","hentry"],"_links":{"self":[{"href":"https:\/\/www.kairostopografia.com.br\/topografiaflorianopolis\/wp-json\/wp\/v2\/pages\/97","targetHints":{"allow":["GET"]}}],"collection":[{"href":"https:\/\/www.kairostopografia.com.br\/topografiaflorianopolis\/wp-json\/wp\/v2\/pages"}],"about":[{"href":"https:\/\/www.kairostopografia.com.br\/topografiaflorianopolis\/wp-json\/wp\/v2\/types\/page"}],"author":[{"embeddable":true,"href":"https:\/\/www.kairostopografia.com.br\/topografiaflorianopolis\/wp-json\/wp\/v2\/users\/1"}],"replies":[{"embeddable":true,"href":"https:\/\/www.kairostopografia.com.br\/topografiaflorianopolis\/wp-json\/wp\/v2\/comments?post=97"}],"version-history":[{"count":5,"href":"https:\/\/www.kairostopografia.com.br\/topografiaflorianopolis\/wp-json\/wp\/v2\/pages\/97\/revisions"}],"predecessor-version":[{"id":314,"href":"https:\/\/www.kairostopografia.com.br\/topografiaflorianopolis\/wp-json\/wp\/v2\/pages\/97\/revisions\/314"}],"wp:attachment":[{"href":"https:\/\/www.kairostopografia.com.br\/topografiaflorianopolis\/wp-json\/wp\/v2\/media?parent=97"}],"curies":[{"name":"wp","href":"https:\/\/api.w.org\/{rel}","templated":true}]}}