{"id":30,"date":"2015-09-28T18:14:56","date_gmt":"2015-09-28T18:14:56","guid":{"rendered":"http:\/\/www.kairostopografia.com.br\/topografiaflorianopolis\/?page_id=30"},"modified":"2026-03-09T19:48:04","modified_gmt":"2026-03-09T19:48:04","slug":"locacao-de-obra","status":"publish","type":"page","link":"https:\/\/www.kairostopografia.com.br\/topografiaflorianopolis\/locacao-de-obra\/","title":{"rendered":"Loca\u00e7\u00e3o de Obra"},"content":{"rendered":"\t\t<div data-elementor-type=\"wp-page\" data-elementor-id=\"30\" class=\"elementor elementor-30\" data-elementor-post-type=\"page\">\n\t\t\t\t<div class=\"elementor-element elementor-element-25de85b e-flex e-con-boxed parallax_section_no qode_elementor_container_no e-con e-parent\" data-id=\"25de85b\" data-element_type=\"container\" data-e-type=\"container\">\n\t\t\t\t\t<div class=\"e-con-inner\">\n\t\t\t\t<div class=\"elementor-element elementor-element-0017322 elementor-widget elementor-widget-heading\" data-id=\"0017322\" data-element_type=\"widget\" data-e-type=\"widget\" data-widget_type=\"heading.default\">\n\t\t\t\t\t<h4 class=\"elementor-heading-title elementor-size-default\">Loca\u00e7\u00e3o de Obra<\/h4>\t\t\t\t<\/div>\n\t\t\t\t<div class=\"elementor-element elementor-element-6779dae elementor-widget-divider--view-line elementor-widget elementor-widget-divider\" data-id=\"6779dae\" data-element_type=\"widget\" data-e-type=\"widget\" data-widget_type=\"divider.default\">\n\t\t\t\t\t\t\t<div class=\"elementor-divider\">\n\t\t\t<span class=\"elementor-divider-separator\">\n\t\t\t\t\t\t<\/span>\n\t\t<\/div>\n\t\t\t\t\t\t<\/div>\n\t\t\t\t<div class=\"elementor-element elementor-element-0a387b3 elementor-widget elementor-widget-text-editor\" data-id=\"0a387b3\" data-element_type=\"widget\" data-e-type=\"widget\" data-widget_type=\"text-editor.default\">\n\t\t\t\t\t\t\t\t\tUma das atividades da\u00a0<strong>Topografia<\/strong>\u00a0\u00e9 a loca\u00e7\u00e3o de pontos no terreno, onde possa ser\u00a0locadas em rodovias, loteamento e loca\u00e7\u00e3o de obras. \u00c8 a partir da\u00a0<strong>Loca\u00e7\u00e3o de\u00a0Obra<\/strong>\u00a0que esta vai adquirir uma forma f\u00edsica. \t\t\t\t\t\t\t\t<\/div>\n\t\t\t\t<div class=\"elementor-element elementor-element-180f332 elementor-widget elementor-widget-text-editor\" data-id=\"180f332\" data-element_type=\"widget\" data-e-type=\"widget\" data-widget_type=\"text-editor.default\">\n\t\t\t\t\t\t\t\t\tPara a constru\u00e7\u00e3o de uma obra tem que haver os cuidados com a loca\u00e7\u00e3o dos elementos de funda\u00e7\u00e3o de maneira precisa e correta, pois s\u00e3o fundamentais para a qualidade final da obra. Neste sentido a loca\u00e7\u00e3o reveste-se de grande import\u00e2ncia, pois um erro durante o processo de loca\u00e7\u00e3o pode resultar diretamente num erro da execu\u00e7\u00e3o da obra.\t\t\t\t\t\t\t\t<\/div>\n\t\t\t\t<div class=\"elementor-element elementor-element-e6deaa2 elementor-widget elementor-widget-text-editor\" data-id=\"e6deaa2\" data-element_type=\"widget\" data-e-type=\"widget\" data-widget_type=\"text-editor.default\">\n\t\t\t\t\t\t\t\t\tO sucesso da obra depender\u00e1 de um correto levantamento, de um projeto bem elaborado e de uma boa loca\u00e7\u00e3o de obra. \t\t\t\t\t\t\t\t<\/div>\n\t\t\t\t<div class=\"elementor-element elementor-element-38005a9 elementor-widget elementor-widget-text-editor\" data-id=\"38005a9\" data-element_type=\"widget\" data-e-type=\"widget\" data-widget_type=\"text-editor.default\">\n\t\t\t\t\t\t\t\t\tNa loca\u00e7\u00e3o obras fazemos todo acompanhamento para estaqueamento, terraplenagem, eixos em gabarito, eixos em cofre. \t\t\t\t\t\t\t\t<\/div>\n\t\t\t\t<div class=\"elementor-element elementor-element-5388998 elementor-widget elementor-widget-text-editor\" data-id=\"5388998\" data-element_type=\"widget\" data-e-type=\"widget\" data-widget_type=\"text-editor.default\">\n\t\t\t\t\t\t\t\t\tA Kair\u00f3s Topografia executa loca\u00e7\u00e3o de obras de alta precis\u00e3o com efici\u00eancia e rapidez. \t\t\t\t\t\t\t\t<\/div>\n\t\t\t\t\t<\/div>\n\t\t\t\t<\/div>\n\t\t\t\t<\/div>\n\t\t","protected":false},"excerpt":{"rendered":"<p>Loca\u00e7\u00e3o de Obra Uma das atividades da\u00a0Topografia\u00a0\u00e9 a loca\u00e7\u00e3o de pontos no terreno, onde possa ser\u00a0locadas em rodovias, loteamento e loca\u00e7\u00e3o de obras. \u00c8 a partir da\u00a0Loca\u00e7\u00e3o de\u00a0Obra\u00a0que esta vai adquirir uma forma f\u00edsica. Para a constru\u00e7\u00e3o de uma obra tem que haver os cuidados&#8230;<\/p>\n","protected":false},"author":1,"featured_media":0,"parent":0,"menu_order":0,"comment_status":"closed","ping_status":"closed","template":"","meta":{"footnotes":""},"class_list":["post-30","page","type-page","status-publish","hentry"],"_links":{"self":[{"href":"https:\/\/www.kairostopografia.com.br\/topografiaflorianopolis\/wp-json\/wp\/v2\/pages\/30","targetHints":{"allow":["GET"]}}],"collection":[{"href":"https:\/\/www.kairostopografia.com.br\/topografiaflorianopolis\/wp-json\/wp\/v2\/pages"}],"about":[{"href":"https:\/\/www.kairostopografia.com.br\/topografiaflorianopolis\/wp-json\/wp\/v2\/types\/page"}],"author":[{"embeddable":true,"href":"https:\/\/www.kairostopografia.com.br\/topografiaflorianopolis\/wp-json\/wp\/v2\/users\/1"}],"replies":[{"embeddable":true,"href":"https:\/\/www.kairostopografia.com.br\/topografiaflorianopolis\/wp-json\/wp\/v2\/comments?post=30"}],"version-history":[{"count":5,"href":"https:\/\/www.kairostopografia.com.br\/topografiaflorianopolis\/wp-json\/wp\/v2\/pages\/30\/revisions"}],"predecessor-version":[{"id":278,"href":"https:\/\/www.kairostopografia.com.br\/topografiaflorianopolis\/wp-json\/wp\/v2\/pages\/30\/revisions\/278"}],"wp:attachment":[{"href":"https:\/\/www.kairostopografia.com.br\/topografiaflorianopolis\/wp-json\/wp\/v2\/media?parent=30"}],"curies":[{"name":"wp","href":"https:\/\/api.w.org\/{rel}","templated":true}]}}