{"id":26,"date":"2015-09-28T17:26:35","date_gmt":"2015-09-28T17:26:35","guid":{"rendered":"http:\/\/www.kairostopografia.com.br\/topografiaflorianopolis\/?page_id=26"},"modified":"2026-03-09T19:39:56","modified_gmt":"2026-03-09T19:39:56","slug":"levantamento-topografico-planimetrico","status":"publish","type":"page","link":"https:\/\/www.kairostopografia.com.br\/topografiaflorianopolis\/levantamento-topografico-planimetrico\/","title":{"rendered":"Levantamento Topogr\u00e1fico Planim\u00e9trico"},"content":{"rendered":"\t\t<div data-elementor-type=\"wp-page\" data-elementor-id=\"26\" class=\"elementor elementor-26\" data-elementor-post-type=\"page\">\n\t\t\t\t<div class=\"elementor-element elementor-element-c3432a7 e-flex e-con-boxed parallax_section_no qode_elementor_container_no e-con e-parent\" data-id=\"c3432a7\" data-element_type=\"container\" data-e-type=\"container\">\n\t\t\t\t\t<div class=\"e-con-inner\">\n\t\t\t\t<div class=\"elementor-element elementor-element-b59a8b5 elementor-widget elementor-widget-heading\" data-id=\"b59a8b5\" data-element_type=\"widget\" data-e-type=\"widget\" data-widget_type=\"heading.default\">\n\t\t\t\t\t<h4 class=\"elementor-heading-title elementor-size-default\">Levantamento Topogr\u00e1fico Planim\u00e9trico<\/h4>\t\t\t\t<\/div>\n\t\t\t\t<div class=\"elementor-element elementor-element-ed6cb3d elementor-widget-divider--view-line elementor-widget elementor-widget-divider\" data-id=\"ed6cb3d\" data-element_type=\"widget\" data-e-type=\"widget\" data-widget_type=\"divider.default\">\n\t\t\t\t\t\t\t<div class=\"elementor-divider\">\n\t\t\t<span class=\"elementor-divider-separator\">\n\t\t\t\t\t\t<\/span>\n\t\t<\/div>\n\t\t\t\t\t\t<\/div>\n\t\t\t\t<div class=\"elementor-element elementor-element-446cf1d elementor-widget elementor-widget-text-editor\" data-id=\"446cf1d\" data-element_type=\"widget\" data-e-type=\"widget\" data-widget_type=\"text-editor.default\">\n\t\t\t\t\t\t\t\t\tO levantamento planim\u00e9trico estuda e estabelece os procedimentos e m\u00e9todos de medida, que determina pontos e fei\u00e7\u00f5es do terreno sobre um plano horizontal (bidimensional), de dist\u00e2ncias e \u00e2ngulos, e a consequente determina\u00e7\u00e3o de coordenadas planas (X,Y) de pontos de interesse. \u00c9 utilizado como base para projetos de retifica\u00e7\u00e3o, remembramento e desmembramento de \u00e1reas, medidas e confronta\u00e7\u00f5es junto ao Cart\u00f3rio de Registro de Im\u00f3veis, loca\u00e7\u00e3o de divisas e de projetos de engenharia. \t\t\t\t\t\t\t\t<\/div>\n\t\t\t\t<div class=\"elementor-element elementor-element-c100a76 elementor-widget elementor-widget-text-editor\" data-id=\"c100a76\" data-element_type=\"widget\" data-e-type=\"widget\" data-widget_type=\"text-editor.default\">\n\t\t\t\t\t\t\t\t\t\u2013 conhecimento de dist\u00e2ncias, alinhamentos de divisas e detalhamento das \u00e1reas internas, possibilitando uma melhora no processo gerencial da propriedade com a quantifica\u00e7\u00e3o exata das \u00e1reas de explora\u00e7\u00e3o agr\u00edcola e das \u00e1reas de detalhamento da propriedade como estradas, a\u00e7udes, banhados e matas dentro da propriedade rural.\n\nA Kair\u00f3s Topografia executa o levantamento planim\u00e9trico de alta precis\u00e3o com efici\u00eancia e rapidez. \t\t\t\t\t\t\t\t<\/div>\n\t\t\t\t\t<\/div>\n\t\t\t\t<\/div>\n\t\t\t\t<\/div>\n\t\t","protected":false},"excerpt":{"rendered":"<p>Levantamento Topogr\u00e1fico Planim\u00e9trico O levantamento planim\u00e9trico estuda e estabelece os procedimentos e m\u00e9todos de medida, que determina pontos e fei\u00e7\u00f5es do terreno sobre um plano horizontal (bidimensional), de dist\u00e2ncias e \u00e2ngulos, e a consequente determina\u00e7\u00e3o de coordenadas planas (X,Y) de pontos de interesse. \u00c9 utilizado&#8230;<\/p>\n","protected":false},"author":1,"featured_media":0,"parent":0,"menu_order":0,"comment_status":"closed","ping_status":"closed","template":"","meta":{"footnotes":""},"class_list":["post-26","page","type-page","status-publish","hentry"],"_links":{"self":[{"href":"https:\/\/www.kairostopografia.com.br\/topografiaflorianopolis\/wp-json\/wp\/v2\/pages\/26","targetHints":{"allow":["GET"]}}],"collection":[{"href":"https:\/\/www.kairostopografia.com.br\/topografiaflorianopolis\/wp-json\/wp\/v2\/pages"}],"about":[{"href":"https:\/\/www.kairostopografia.com.br\/topografiaflorianopolis\/wp-json\/wp\/v2\/types\/page"}],"author":[{"embeddable":true,"href":"https:\/\/www.kairostopografia.com.br\/topografiaflorianopolis\/wp-json\/wp\/v2\/users\/1"}],"replies":[{"embeddable":true,"href":"https:\/\/www.kairostopografia.com.br\/topografiaflorianopolis\/wp-json\/wp\/v2\/comments?post=26"}],"version-history":[{"count":8,"href":"https:\/\/www.kairostopografia.com.br\/topografiaflorianopolis\/wp-json\/wp\/v2\/pages\/26\/revisions"}],"predecessor-version":[{"id":262,"href":"https:\/\/www.kairostopografia.com.br\/topografiaflorianopolis\/wp-json\/wp\/v2\/pages\/26\/revisions\/262"}],"wp:attachment":[{"href":"https:\/\/www.kairostopografia.com.br\/topografiaflorianopolis\/wp-json\/wp\/v2\/media?parent=26"}],"curies":[{"name":"wp","href":"https:\/\/api.w.org\/{rel}","templated":true}]}}