{"id":103,"date":"2015-11-02T02:46:43","date_gmt":"2015-11-02T02:46:43","guid":{"rendered":"http:\/\/www.kairostopografia.com.br\/topografiaflorianopolis\/?page_id=103"},"modified":"2026-03-09T20:35:31","modified_gmt":"2026-03-09T20:35:31","slug":"projeto-de-drenagem","status":"publish","type":"page","link":"https:\/\/www.kairostopografia.com.br\/topografiaflorianopolis\/projeto-de-drenagem\/","title":{"rendered":"Projeto de Drenagem"},"content":{"rendered":"\t\t<div data-elementor-type=\"wp-page\" data-elementor-id=\"103\" class=\"elementor elementor-103\" data-elementor-post-type=\"page\">\n\t\t\t\t<div class=\"elementor-element elementor-element-74d8bfc e-flex e-con-boxed parallax_section_no qode_elementor_container_no e-con e-parent\" data-id=\"74d8bfc\" data-element_type=\"container\" data-e-type=\"container\">\n\t\t\t\t\t<div class=\"e-con-inner\">\n\t\t\t\t<div class=\"elementor-element elementor-element-ea06766 elementor-widget elementor-widget-heading\" data-id=\"ea06766\" data-element_type=\"widget\" data-e-type=\"widget\" data-widget_type=\"heading.default\">\n\t\t\t\t\t<h4 class=\"elementor-heading-title elementor-size-default\">Projeto de Drenagem<\/h4>\t\t\t\t<\/div>\n\t\t\t\t<div class=\"elementor-element elementor-element-7bf53c0 elementor-widget-divider--view-line elementor-widget elementor-widget-divider\" data-id=\"7bf53c0\" data-element_type=\"widget\" data-e-type=\"widget\" data-widget_type=\"divider.default\">\n\t\t\t\t\t\t\t<div class=\"elementor-divider\">\n\t\t\t<span class=\"elementor-divider-separator\">\n\t\t\t\t\t\t<\/span>\n\t\t<\/div>\n\t\t\t\t\t\t<\/div>\n\t\t\t\t<div class=\"elementor-element elementor-element-368304c elementor-widget elementor-widget-text-editor\" data-id=\"368304c\" data-element_type=\"widget\" data-e-type=\"widget\" data-widget_type=\"text-editor.default\">\n\t\t\t\t\t\t\t\t\tUm projeto de drenagem deve integrar uma aprendizagem conveniente para esquivar-se de \u00a0inexatid\u00e3o desta a\u00e7\u00e3o. Se a classifica\u00e7\u00e3o e \u00a0diagn\u00f3stico t\u00e9cnico n\u00e3o forem \u00a0adaptados pode-se perfazer a n\u00e3o ter uma \u00a0escoamento\/drenagem \u00a0eficaz e \u00a0ser\u00e1 capaz at\u00e9 mesmo \u00a0abortar todo o servi\u00e7o e capital aplicado na obra. \t\t\t\t\t\t\t\t<\/div>\n\t\t\t\t<div class=\"elementor-element elementor-element-a774abd elementor-widget elementor-widget-text-editor\" data-id=\"a774abd\" data-element_type=\"widget\" data-e-type=\"widget\" data-widget_type=\"text-editor.default\">\n\t\t\t\t\t\t\t\t\tPara a \u00a0composi\u00e7\u00e3o desse\u00a0<strong>projeto de drenagem<\/strong>\u00a0as etapas devem integrar: \t\t\t\t\t\t\t\t<\/div>\n\t\t\t\t<div class=\"elementor-element elementor-element-acdab8c elementor-widget elementor-widget-text-editor\" data-id=\"acdab8c\" data-element_type=\"widget\" data-e-type=\"widget\" data-widget_type=\"text-editor.default\">\n\t\t\t\t\t\t\t\t\t<ul><li>Condena\u00e7\u00e3o\u00a0 da \u00e1rea presumida<\/li><li><strong>Levantamento topogr\u00e1fico planialtim\u00e9trico\u00a0<\/strong>pela<strong>\u00a0Kair\u00f3s Topografia<\/strong><\/li><li>Instru\u00e7\u00f5es do len\u00e7ol fre\u00e1tico<\/li><li>Instru\u00e7\u00e3o do solo com<\/li><li>Composi\u00e7\u00e3o do projeto.<\/li><\/ul>\t\t\t\t\t\t\t\t<\/div>\n\t\t\t\t<div class=\"elementor-element elementor-element-1c43470 elementor-widget elementor-widget-text-editor\" data-id=\"1c43470\" data-element_type=\"widget\" data-e-type=\"widget\" data-widget_type=\"text-editor.default\">\n\t\t\t\t\t\t\t\t\tNo primeiro item se entender que o per\u00edmetro a ser drenada e observa-se a existente aurora do sobejo de \u00e1gua. O segundo item \u00e9 essencial, pois por meio dele podera tra\u00e7ar as diretrizes do projeto investigando e achar que local do n\u00edvel do terreno \u00e9 mais altos onde \u00e1gua flui e quais os mais baixos onde ser\u00e3o cravados os tubos. A instru\u00e7\u00e3o do Len\u00e7ol Freat\u00edco \u00e9 bem caracter\u00edsticas e depende do local, para esta h\u00e1 a primordialidade da cria\u00e7\u00e3o de uma malha de po\u00e7os de anota\u00e7\u00e3o, cobrindo todo o per\u00edmetro do. O aprendizado do Solo depende em \u00a0averiguar a condutividade hidr\u00e1ulica e a macroporosidade do solo. Esses elementos entram \u00a0em dire\u00e7\u00e3o na contagem de \u00a0prorroga\u00e7\u00e3o dos drenos. \u00c9\u00a0consider\u00e1vel as instru\u00e7\u00f5es do clima local para \u00a0averiguar as \u00a0irreflex\u00e3o na regi\u00e3o. O projeto \u00e9 composto fundamentado \u00a0elementos antecedente e nas f\u00f3rmulas acess\u00edveis para averiguar a melhor prorroga\u00e7\u00e3o dos tubos e o layout mais \u00a0poderoso para ser \u00a0exercido no projeto. \t\t\t\t\t\t\t\t<\/div>\n\t\t\t\t\t<\/div>\n\t\t\t\t<\/div>\n\t\t\t\t<\/div>\n\t\t","protected":false},"excerpt":{"rendered":"<p>Projeto de Drenagem Um projeto de drenagem deve integrar uma aprendizagem conveniente para esquivar-se de \u00a0inexatid\u00e3o desta a\u00e7\u00e3o. Se a classifica\u00e7\u00e3o e \u00a0diagn\u00f3stico t\u00e9cnico n\u00e3o forem \u00a0adaptados pode-se perfazer a n\u00e3o ter uma \u00a0escoamento\/drenagem \u00a0eficaz e \u00a0ser\u00e1 capaz at\u00e9 mesmo \u00a0abortar todo o servi\u00e7o e&#8230;<\/p>\n","protected":false},"author":1,"featured_media":0,"parent":0,"menu_order":0,"comment_status":"closed","ping_status":"closed","template":"","meta":{"footnotes":""},"class_list":["post-103","page","type-page","status-publish","hentry"],"_links":{"self":[{"href":"https:\/\/www.kairostopografia.com.br\/topografiaflorianopolis\/wp-json\/wp\/v2\/pages\/103","targetHints":{"allow":["GET"]}}],"collection":[{"href":"https:\/\/www.kairostopografia.com.br\/topografiaflorianopolis\/wp-json\/wp\/v2\/pages"}],"about":[{"href":"https:\/\/www.kairostopografia.com.br\/topografiaflorianopolis\/wp-json\/wp\/v2\/types\/page"}],"author":[{"embeddable":true,"href":"https:\/\/www.kairostopografia.com.br\/topografiaflorianopolis\/wp-json\/wp\/v2\/users\/1"}],"replies":[{"embeddable":true,"href":"https:\/\/www.kairostopografia.com.br\/topografiaflorianopolis\/wp-json\/wp\/v2\/comments?post=103"}],"version-history":[{"count":5,"href":"https:\/\/www.kairostopografia.com.br\/topografiaflorianopolis\/wp-json\/wp\/v2\/pages\/103\/revisions"}],"predecessor-version":[{"id":327,"href":"https:\/\/www.kairostopografia.com.br\/topografiaflorianopolis\/wp-json\/wp\/v2\/pages\/103\/revisions\/327"}],"wp:attachment":[{"href":"https:\/\/www.kairostopografia.com.br\/topografiaflorianopolis\/wp-json\/wp\/v2\/media?parent=103"}],"curies":[{"name":"wp","href":"https:\/\/api.w.org\/{rel}","templated":true}]}}